= -105 - -115. What is the units digit of 4/(-10) + y/w?
4
Let a(h) = 54 - 773*h - 68*h + 182*h. What is the hundreds digit of a(-2)?
3
Let x = 193 - 159. Let u(d) = -d**2 + 37*d + 32. What is the units digit of u(x)?
4
Let b(l) = 22*l + 132. Let z = -195 - -218. What is the hundreds digit of b(z)?
6
Suppose h - 21 = -2*h. Suppose -4590 = -3*k + 3*r, -h*k - 5*r + 6084 = -3*k. What is the tens digit of k?
2
Let t be (71 - (1 - -2))*(2 + -1). Let y = -13 + t. Let p = y + 115. What is the hundreds digit of p?
1
What is the tens digit of (18 - 588/24)/(2/(-6038))*2?
4
Let a(j) = -j**3 + 21*j**2 - 20*j + 22. Let r(f) = 17*f - 48. Let t be r(4). What is the units digit of a(t)?
2
Suppose -134405 = 7*l + 5*p - 704279, p = 5. What is the units digit of l?
7
Let v be -3*(-5 + 3) - 6. Let d(l) = 3*l**2 + 147. What is the tens digit of d(v)?
4
Suppose 5*y + 32 = 197. Let a = -475 - -510. Let z = a + y. What is the tens digit of z?
6
Suppose -3*p = -11*p + 928. Let a = 118 - p. Suppose -176 = -w - 3*g - 0*g, a*w = 4*g + 352. What is the tens digit of w?
7
Let p be 1 + 4 - 4 - -10. Suppose -2*a - 4*y = 3*a - 23, 0 = -2*a - y + p. Let x(t) = 17*t - 5. What is the units digit of x(a)?
4
What is the units digit of 428601/48*4 + (-30)/(-120)?
7
Let n be 3 + (-24)/(-21) - (-1)/(-7). Suppose -5*u - 6 = -7*u, -4*u + 656 = -n*o. What is the units digit of (-1 + 0)*o*3/3?
1
Suppose 4*p = 11*p. Let u(j) = 0 - 2*j + 11 + j**2 + 0*j**2. What is the tens digit of u(p)?
1
Suppose -4*j - 88 = -108. Suppose -66*g = -62*g + 72. What is the tens digit of 45/g*(-302)/j?
5
Let o(g) = -g**3 - 10*g**2 - 28*g + 4. Let y be o(-5). Suppose 24*v = y*v - 320. What is the hundreds digit of (-354)/8*v/12?
2
Suppose 104*x = 117*x - 11830. What is the units digit of x?
0
Suppose -1397434 = 186*y - 4210126. What is the tens digit of y?
2
Let a = -90 - -94. Suppose a*x - 83 = 93. What is the hundreds digit of (-2)/5*(-11)/(x/2400)?
2
Suppose -62*h + 573922 = -1229968. What is the units digit of h?
5
Suppose -4*s = -s - 15. Let r be (s + -6)/(1/(-5)). Suppose p - r*t = -2*t + 59, t - 157 = -3*p. What is the tens digit of p?
5
Let y be (-1)/((-1)/87) - (10 - 11). Let v = y + -83. What is the units digit of (v/6 + 2/(-6))*58?
9
Let u = -37 - -39. Suppose -u*v + 39 = 11*v. Suppose -2*q = -v*a - 212, 4*a - 62 - 322 = -4*q. What is the units digit of q?
0
Let a be 180/(-6)*3/(-6). Let o = a - 12. What is the tens digit of (8/o)/((-6)/(-108))?
4
What is the hundreds digit of (28 + 9/(-3) + -12)*2861?
1
Suppose 5*m = i - 165, -5*m - 2 = 3. Let s(h) = h**2 + h - 4. Let d be s(2). Suppose 2*u = -d*u + i. What is the units digit of u?
0
Let q(i) = -2618*i + 2406. What is the ten thousands digit of q(-5)?
1
Let t = -637 - -637. Let x be -1 + (1 - (2 + 3)). What is the tens digit of x*(t + 8/(-1))?
4
What is the thousands digit of 12 + ((-6)/4 - 843270/(-60))?
4
Suppose d - 32481 = -3*j, 5*j - 13899 = d + 40220. What is the units digit of j?
5
Suppose 2 = 2*v, 0 = 5*p - 2*v - 148301 + 56388. What is the hundreds digit of p?
3
Let t(k) = 779*k**2 + 538*k + 3692. What is the hundreds digit of t(-7)?
0
Suppose 3*q + 5*v = -286, 2*q - 5*v + 0 = -199. Let g = 183 + q. What is the units digit of g?
6
Let u(n) = 3896*n**3 - 4*n**2 - 9*n + 10. What is the hundreds digit of u(1)?
8
Let k(n) = -n**3 - 5*n**2 + 7*n + 8. Let v be k(-6). Suppose v*p + 53 = 329. What is the tens digit of p?
3
Let b(l) = 85 - 4*l**2 + 11*l**3 + 4*l - 187 - 2*l**3 + 100. Suppose 0 = d, -2*d = 5*h - 11 + 1. What is the tens digit of b(h)?
6
Let u(p) be the first derivative of 17*p**2 - 181*p - 10. What is the hundreds digit of u(11)?
1
Let m be (-328)/(-6) + 1/3. Suppose -7*o = -750 - m. Suppose 0 = 4*s, 5*f + 0*s - 2*s - o = 0. What is the units digit of f?
3
Let h = -226 + 335. Suppose -565 = -q + h. What is the units digit of q?
4
Let h(c) = -578*c + 1900. What is the units digit of h(-25)?
0
Suppose -6*n - 186 = -918. Let y = 554 - n. What is the units digit of y?
2
Suppose 0 = 61*j - 51*j + 260. Suppose t = 41 - 5. Let r = t + j. What is the tens digit of r?
1
Let f(r) = -2*r**3 + 6*r - 17 + r**3 + 10*r**2 - 7*r. Let v(i) = -2*i + 1. Let n be v(-4). What is the tens digit of f(n)?
5
Suppose 4*r - 14 = -3*o - 0*r, 0 = -2*o + 2*r. Let y = -193 + 223. Suppose -y = -o*x - 2. What is the tens digit of x?
1
Let m be -4 + (-58)/(-3)*(-33)/(-22). Suppose 0 = -m*t + 19*t + 408. What is the tens digit of t?
6
Let j = 17441 + -11528. What is the tens digit of j?
1
Suppose 2*j + 5*j - 2303 = 0. Let x = -203 + j. What is the units digit of x?
6
Suppose -152*y + 168*y = 98720. What is the units digit of y?
0
Suppose 5*o - o - 16 = 4*k, 0 = -4*k - o - 26. Let b be -3*34/(-9)*k/4. Let r(d) = -d**2 - 18*d + 15. What is the tens digit of r(b)?
3
Suppose -3080 = -123*n + 119*n. What is the hundreds digit of n?
7
Suppose 90 = -0*b - 9*b. Let p be (-796)/b + -1 - 4/(-10). Suppose 4*m + 5*n + 0*n = p, 2*m + 4*n = 38. What is the tens digit of m?
2
What is the units digit of 9 - (-1188)/(-135) - 360188/(-10)?
9
Let f(b) = b**3 + 11*b**2 + 5*b. Let m be f(-8). Let k(x) = 10*x - 197. Let j be k(45). Let i = j - m. What is the tens digit of i?
0
Suppose 2*s - 32 = -s - 4*a, -5*s = -5*a + 5. Suppose -7*w = -6*w - 3*y - 1153, -3*y = s*w - 4642. What is the tens digit of w?
5
Let b = 1466 + 806. What is the units digit of b?
2
Let w(x) = -72*x - 29 - 8 - 28*x. What is the hundreds digit of w(-3)?
2
Let z(l) = -2*l**2 - 3*l - 45. Let u be z(-10). Let n = -152 - u. What is the tens digit of n?
6
Let u(t) = 19*t**2 + 80*t + 891. What is the hundreds digit of u(-32)?
7
Let a(x) = -5*x**2 + 22*x + 85. Let u(s) = 9*s**2 - 45*s - 169. Let l(q) = -11*a(q) - 6*u(q). What is the units digit of l(-31)?
2
Let n = 180969 + -113899. What is the units digit of n?
0
Suppose -8*f = -26 - 6. Suppose 5 = 5*i - o, o + f = 3*i - 1. Suppose 6*v - 962 - 292 = i. What is the hundreds digit of v?
2
Let a(d) = 3*d**2 - 16*d - 45. Let z be a(12). Let p = z - -155. What is the tens digit of p?
5
Let x(g) = -g**3 + g**2 - 1. Let w be x(0). Let r(a) = 91*a - 38. Let o(f) = 182*f - 96. Let k(d) = 2*o(d) - 5*r(d). What is the units digit of k(w)?
9
Let n = 7603 + 4256. What is the tens digit of n?
5
Let z(m) be the second derivative of 0 - 9/2*m**2 - 11/6*m**4 - 1/10*m**5 - 11/3*m**3 - 31*m. What is the tens digit of z(-10)?
1
Let a = 114497 + -80594. What is the hundreds digit of a?
9
Let t = 24 - -16. Suppose 4*f + 13*i - 9*i - t = 0, -i = -4*f + 15. Suppose 3*d + 5*y = 350 + 117, -y + 793 = f*d. What is the units digit of d?
9
Suppose 34*t - 39*t = -370. Suppose -5980 = t*p - 87*p. What is the units digit of p?
0
Suppose 0 = 44*o - 8*o - 615 - 501. What is the units digit of o?
1
Suppose 16 = 4*f + 248. Let m = 126 + f. Let a = -23 + m. What is the tens digit of a?
4
What is the thousands digit of ((-97031)/(-77))/((2/(-28))/((-17)/34))?
8
Let o = -438 - -802. Suppose -2*x - o = -9*x. What is the tens digit of x?
5
Let o(z) = -54*z**3 - 3*z**2 + 7*z + 23. Let l be o(-2). Let a = l + -138. What is the tens digit of a?
9
Suppose -4*u + b = -13, 5*u + 21 = 3*u - 5*b. Suppose q = -u + 123. Suppose 0 = -4*l - 3*k + 4*k + 549, -l = 3*k - q. What is the units digit of l?
6
What is the ten thousands digit of 84/308 + 3669*(-284)/(-44)?
2
Suppose -286 = -2*c - 2*n + 376, 331 = c - n. Let i = c - -266. What is the hundreds digit of i?
5
Let i(p) = 51*p**2 - 111*p - 13. What is the units digit of i(-6)?
9
Suppose -536*d + 906439 = -476*d - 1341881. What is the units digit of d?
2
Suppose -5*o + 16613 = 2*m, -m + 2 - 3 = 0. Suppose 0 = -3*n - 5*g + o, 2*g = 3*n - 8*n + 5513. What is the thousands digit of n?
1
Let i(w) = 6*w**2 + 12*w + 144. Let n be ((-2)/(40/15))/((-2)/(-32)). What is the hundreds digit of i(n)?
8
Let c(x) = 5*x**3 - 7*x**3 + 5*x**3 - 95 - 13*x**2 - 4*x**3 - 19*x. What is the tens digit of c(-17)?
8
Suppose 4*z - 3*u = 1110, -u - 421 + 143 = -z. Let q = 564 - z. What is the units digit of q?
8
Let d = 121 + 152. Suppose d = 3*z - 0*z + 4*b, -5*z + 481 = -2*b. Suppose 101 = 3*i - 3*f + 29, 3*f + z = 4*i. What is the tens digit of i?
2
Suppose 0 = -r - 10*r + 3399. Suppose -5*q = -r - 206. What is the tens digit of q?
0
Suppose -2*n + 37614 = -2*h, 2*n + h = 6799 + 30821. Supp